{"id":7339,"date":"2021-03-02T15:14:39","date_gmt":"2021-03-02T15:14:39","guid":{"rendered":"http:\/\/genesisarg.com\/financiamientosostenible\/?page_id=7339"},"modified":"2021-03-10T20:46:06","modified_gmt":"2021-03-10T20:46:06","slug":"contacto","status":"publish","type":"page","link":"https:\/\/genesisarg.com\/financiamientosostenible\/contacto\/","title":{"rendered":"Contacto"},"content":{"rendered":"<p>[vc_row][vc_column css=&#8221;.vc_custom_1614697383228{margin-bottom: 30px !important;}&#8221;][vc_column_text css=&#8221;.vc_custom_1614695674784{margin-bottom: 40px !important;}&#8221;]<span style=\"color: #444444; font-size: 16px; letter-spacing: -0.4px;\">Ante cualquier duda o consulta cont\u00e1ctese con nosotros y responderemos a la brevedad.<\/span>[\/vc_column_text][stm_contacts_widget email=&#8221;info@financiamientosostenible.com&#8221; facebook=&#8221;#&#8221; twitter=&#8221;#&#8221; linkedin=&#8221;#&#8221;][\/vc_column][\/vc_row][vc_row css=&#8221;.vc_custom_1485495419934{margin-bottom: 0px !important;}&#8221;][vc_column offset=&#8221;vc_col-lg-4&#8243; css=&#8221;.vc_custom_1485435561407{margin-bottom: 30px !important;}&#8221;][vc_custom_heading stripe_pos=&#8221;hide&#8221; text=&#8221;G\u00c9NESIS&#8221; font_container=&#8221;tag:h3|font_size:20px|text_align:left|color:%23222222|line_height:45px&#8221; use_theme_fonts=&#8221;yes&#8221; el_class=&#8221;border_base_color&#8221; css=&#8221;.vc_custom_1615377817297{margin-top: -5px !important;margin-bottom: -13px !important;border-top-width: 3px !important;border-top-style: solid !important;}&#8221;][vc_column_text css=&#8221;.vc_custom_1615407035978{margin-bottom: 20px !important;}&#8221;]<span style=\"line-height: 22px;\">G\u00e9nesis es un equipo comprometido que entrega soluciones integrales en las \u00e1reas de Sustentabilidad y Cambio Clim\u00e1tico, Financiamiento Sostenible y Soluciones Tecnol\u00f3gicas a individuos, corporaciones, gobiernos e instituciones desde el principio hasta el final.<\/span><\/p>\n<p><a style=\"color: #dc4234; font-weight: bold;\" href=\"http:\/\/www.genesisarg.com\" target=\"_blank\" rel=\"noopener\">www.genesisarg.com<\/a>[\/vc_column_text][stm_contacts_widget style=&#8221;style_4&#8243; facebook=&#8221;https:\/\/www.facebook.com\/2genesis&#8221; twitter=&#8221;https:\/\/twitter.com\/genesissustain&#8221; linkedin=&#8221;https:\/\/www.linkedin.com\/in\/genesissustain?originalSubdomain=ar&#8221; phones_all=&#8221;+1 212 386 5575<\/p>\n<p>+1 212 386 7575&#8243;][\/vc_column][vc_column offset=&#8221;vc_col-lg-4&#8243; css=&#8221;.vc_custom_1485435566908{margin-bottom: 30px !important;}&#8221;][vc_custom_heading stripe_pos=&#8221;hide&#8221; text=&#8221;M\u00c9XICO2&#8243; font_container=&#8221;tag:h3|font_size:20px|text_align:left|color:%23222222|line_height:45px&#8221; use_theme_fonts=&#8221;yes&#8221; el_class=&#8221;border_base_color&#8221; css=&#8221;.vc_custom_1615379625993{margin-top: -5px !important;margin-bottom: -8px !important;border-top-width: 3px !important;border-top-style: solid !important;}&#8221;][vc_column_text css=&#8221;.vc_custom_1615407047678{margin-bottom: 20px !important;}&#8221;]<span style=\"line-height: 22px;\">M\u00c9XICO2 conjuga la m\u00e1s amplia experiencia en los mercados financieros y mercados de carbono, brindando a las empresas, gobiernos e individuos soluciones de vanguardia en el combate al cambio clim\u00e1tico.<\/span><\/p>\n<p><a style=\"color: #dc4234; font-weight: bold;\" href=\"http:\/\/www.mexico2.com.mx\" target=\"_blank\" rel=\"noopener\">www.mexico2.com.mx<\/a>[\/vc_column_text][stm_contacts_widget style=&#8221;style_4&#8243; facebook=&#8221;https:\/\/www.facebook.com\/mexico2pmc&#8221; twitter=&#8221;https:\/\/twitter.com\/mexico2_pmc&#8221; phones_all=&#8221;+1 212 386 5575<\/p>\n<p>+1 212 386 7575&#8243;][\/vc_column][vc_column offset=&#8221;vc_col-lg-4&#8243; css=&#8221;.vc_custom_1485435572601{margin-bottom: 30px !important;}&#8221;][vc_custom_heading stripe_pos=&#8221;hide&#8221; text=&#8221;CARBON TRUST&#8221; font_container=&#8221;tag:h3|font_size:20px|text_align:left|color:%23222222|line_height:45px&#8221; use_theme_fonts=&#8221;yes&#8221; el_class=&#8221;border_base_color&#8221; css=&#8221;.vc_custom_1615379986325{margin-top: -5px !important;margin-bottom: -8px !important;border-top-width: 3px !important;border-top-style: solid !important;}&#8221;][vc_column_text css=&#8221;.vc_custom_1615407056878{margin-bottom: 20px !important;}&#8221;]<span style=\"line-height: 22px;\">Carbon Trust es un equipo de expertos asociado a empresas, gobiernos y organizaciones de todo el mundo, para apoyarlos en la realizaci\u00f3n de planes ambiciosos para un futuro sostenible y con bajas emisiones de carbono.<\/span><\/p>\n<p><a style=\"color: #dc4234; font-weight: bold;\" href=\"https:\/\/www.carbontrust.com\/\" target=\"_blank\" rel=\"noopener\">www.carbontrust.com<\/a>[\/vc_column_text][stm_contacts_widget style=&#8221;style_4&#8243; facebook=&#8221;https:\/\/www.facebook.com\/thecarbontrust\/&#8221; twitter=&#8221;https:\/\/twitter.com\/thecarbontrust\/&#8221; phones_all=&#8221;+1 212 386 5575<\/p>\n<p>+1 212 386 7575&#8243; linkedin=&#8221;https:\/\/www.linkedin.com\/company\/the-carbon-trust\/&#8221;][\/vc_column][\/vc_row][vc_row css=&#8221;.vc_custom_1485495581044{margin-bottom: 0px !important;}&#8221;][vc_column][vc_custom_heading text=&#8221;Formulario de contacto&#8221; font_container=&#8221;tag:h4|text_align:left&#8221; use_theme_fonts=&#8221;yes&#8221; css=&#8221;.vc_custom_1614697817938{margin-bottom: 28px !important;}&#8221;]<div role=\"form\" class=\"wpcf7\" id=\"wpcf7-f7352-o1\" lang=\"en-US\" dir=\"ltr\">\n<div class=\"screen-reader-response\"><p role=\"status\" aria-live=\"polite\" aria-atomic=\"true\"><\/p> <ul><\/ul><\/div>\n<form action=\"\/financiamientosostenible\/wp-json\/wp\/v2\/pages\/7339#wpcf7-f7352-o1\" method=\"post\" class=\"wpcf7-form init\" novalidate=\"novalidate\" data-status=\"init\">\n<div style=\"display: none;\">\n<input type=\"hidden\" name=\"_wpcf7\" value=\"7352\" \/>\n<input type=\"hidden\" name=\"_wpcf7_version\" value=\"5.3.2\" \/>\n<input type=\"hidden\" name=\"_wpcf7_locale\" value=\"en_US\" \/>\n<input type=\"hidden\" name=\"_wpcf7_unit_tag\" value=\"wpcf7-f7352-o1\" \/>\n<input type=\"hidden\" name=\"_wpcf7_container_post\" value=\"0\" \/>\n<input type=\"hidden\" name=\"_wpcf7_posted_data_hash\" value=\"\" \/>\n<\/div>\n<div class=\"request_callback\">\n<div class=\"row\">\n<div class=\"col-lg-6 col-md-6 col-sm-6 col-xs-12\">\n<div class=\"input-group\">\n                <span class=\"wpcf7-form-control-wrap text-name\"><input type=\"text\" name=\"text-name\" value=\"\" size=\"40\" class=\"wpcf7-form-control wpcf7-text wpcf7-validates-as-required\" aria-required=\"true\" aria-invalid=\"false\" placeholder=\"Nombre *\" \/><\/span>\n            <\/div>\n<div class=\"input-group\">\n                <span class=\"wpcf7-form-control-wrap email\"><input type=\"email\" name=\"email\" value=\"\" size=\"40\" class=\"wpcf7-form-control wpcf7-text wpcf7-email wpcf7-validates-as-required wpcf7-validates-as-email\" aria-required=\"true\" aria-invalid=\"false\" placeholder=\"E-mail *\" \/><\/span>\n            <\/div>\n<div class=\"input-group\">\n                <span class=\"wpcf7-form-control-wrap phone\"><input type=\"tel\" name=\"phone\" value=\"\" size=\"40\" class=\"wpcf7-form-control wpcf7-text wpcf7-tel wpcf7-validates-as-required wpcf7-validates-as-tel\" aria-required=\"true\" aria-invalid=\"false\" placeholder=\"Tel\u00e9fono *\" \/><\/span>\n            <\/div><\/div>\n<div class=\"col-lg-6 col-md-6 col-sm-6 col-xs-12\">\n<div class=\"input-group\">\n                <span class=\"wpcf7-form-control-wrap message\"><textarea name=\"message\" cols=\"40\" rows=\"10\" class=\"wpcf7-form-control wpcf7-textarea wpcf7-validates-as-required\" aria-required=\"true\" aria-invalid=\"false\" placeholder=\"Mensaje *\"><\/textarea><\/span>\n            <\/div>\n<div class=\"input-group\">\n                <button type=\"submit\" class=\"button size-lg icon_right\">Enviar <i class=\"fa fa-chevron-right\"><\/i><\/button>\n            <\/div><\/div><\/div>\n<\/div>\n<div class=\"wpcf7-response-output\" aria-hidden=\"true\"><\/div><\/form><\/div>[\/vc_column][\/vc_row]<\/p>\n","protected":false},"excerpt":{"rendered":"<p>[vc_row][vc_column css=&#8221;.vc_custom_1614697383228{margin-bottom: 30px !important;}&#8221;][vc_column_text css=&#8221;.vc_custom_1614695674784{margin-bottom: 40px !important;}&#8221;]Ante cualquier duda o consulta cont\u00e1ctese con nosotros y responderemos a la brevedad.[\/vc_column_text][stm_contacts_widget email=&#8221;info@financiamientosostenible.com&#8221; facebook=&#8221;#&#8221; twitter=&#8221;#&#8221; linkedin=&#8221;#&#8221;][\/vc_column][\/vc_row][vc_row css=&#8221;.vc_custom_1485495419934{margin-bottom: 0px !important;}&#8221;][vc_column offset=&#8221;vc_col-lg-4&#8243; css=&#8221;.vc_custom_1485435561407{margin-bottom: 30px !important;}&#8221;][vc_custom_heading stripe_pos=&#8221;hide&#8221; text=&#8221;G\u00c9NESIS&#8221; font_container=&#8221;tag:h3|font_size:20px|text_align:left|color:%23222222|line_height:45px&#8221; use_theme_fonts=&#8221;yes&#8221; el_class=&#8221;border_base_color&#8221; css=&#8221;.vc_custom_1615377817297{margin-top: -5px !important;margin-bottom: -13px !important;border-top-width: 3px !important;border-top-style: solid !important;}&#8221;][vc_column_text css=&#8221;.vc_custom_1615407035978{margin-bottom: 20px !important;}&#8221;]G\u00e9nesis es un equipo comprometido que entrega soluciones integrales<\/p>\n","protected":false},"author":1,"featured_media":0,"parent":0,"menu_order":0,"comment_status":"closed","ping_status":"closed","template":"","meta":[],"yoast_head":"<!-- This site is optimized with the Yoast SEO plugin v15.9 - https:\/\/yoast.com\/wordpress\/plugins\/seo\/ -->\n<title>Contacto - Financiamiento Sostenible en Argentina<\/title>\n<meta name=\"description\" content=\"Ante cualquier duda o consulta cont\u00e1ctese con nosotros y responderemos a la brevedad. Email: info@financiamientosostenible.com\" \/>\n<meta name=\"robots\" content=\"noindex, follow, max-snippet:-1, max-image-preview:large, max-video-preview:-1\" \/>\n<meta property=\"og:locale\" content=\"en_US\" \/>\n<meta property=\"og:type\" content=\"article\" \/>\n<meta property=\"og:title\" content=\"Contacto - Financiamiento Sostenible en Argentina\" \/>\n<meta property=\"og:description\" content=\"Ante cualquier duda o consulta cont\u00e1ctese con nosotros y responderemos a la brevedad. Email: info@financiamientosostenible.com\" \/>\n<meta property=\"og:url\" content=\"https:\/\/genesisarg.com\/financiamientosostenible\/contacto\/\" \/>\n<meta property=\"og:site_name\" content=\"Financiamiento Sostenible en Argentina\" \/>\n<meta property=\"article:modified_time\" content=\"2021-03-10T20:46:06+00:00\" \/>\n<meta name=\"twitter:card\" content=\"summary_large_image\" \/>\n<meta name=\"twitter:label1\" content=\"Est. reading time\">\n\t<meta name=\"twitter:data1\" content=\"2 minutes\">\n<script type=\"application\/ld+json\" class=\"yoast-schema-graph\">{\"@context\":\"https:\/\/schema.org\",\"@graph\":[{\"@type\":\"WebSite\",\"@id\":\"https:\/\/genesisarg.com\/financiamientosostenible\/#website\",\"url\":\"https:\/\/genesisarg.com\/financiamientosostenible\/\",\"name\":\"Financiamiento Sostenible en Argentina\",\"description\":\"Para combatir el cambio clim\\u00e1tico y promover la inclusi\\u00f3n\\n\",\"potentialAction\":[{\"@type\":\"SearchAction\",\"target\":\"https:\/\/genesisarg.com\/financiamientosostenible\/?s={search_term_string}\",\"query-input\":\"required name=search_term_string\"}],\"inLanguage\":\"en-US\"},{\"@type\":\"WebPage\",\"@id\":\"https:\/\/genesisarg.com\/financiamientosostenible\/contacto\/#webpage\",\"url\":\"https:\/\/genesisarg.com\/financiamientosostenible\/contacto\/\",\"name\":\"Contacto - Financiamiento Sostenible en Argentina\",\"isPartOf\":{\"@id\":\"https:\/\/genesisarg.com\/financiamientosostenible\/#website\"},\"datePublished\":\"2021-03-02T15:14:39+00:00\",\"dateModified\":\"2021-03-10T20:46:06+00:00\",\"description\":\"Ante cualquier duda o consulta cont\\u00e1ctese con nosotros y responderemos a la brevedad. Email: info@financiamientosostenible.com\",\"breadcrumb\":{\"@id\":\"https:\/\/genesisarg.com\/financiamientosostenible\/contacto\/#breadcrumb\"},\"inLanguage\":\"en-US\",\"potentialAction\":[{\"@type\":\"ReadAction\",\"target\":[\"https:\/\/genesisarg.com\/financiamientosostenible\/contacto\/\"]}]},{\"@type\":\"BreadcrumbList\",\"@id\":\"https:\/\/genesisarg.com\/financiamientosostenible\/contacto\/#breadcrumb\",\"itemListElement\":[{\"@type\":\"ListItem\",\"position\":1,\"item\":{\"@type\":\"WebPage\",\"@id\":\"https:\/\/genesisarg.com\/financiamientosostenible\/\",\"url\":\"https:\/\/genesisarg.com\/financiamientosostenible\/\",\"name\":\"Home\"}},{\"@type\":\"ListItem\",\"position\":2,\"item\":{\"@type\":\"WebPage\",\"@id\":\"https:\/\/genesisarg.com\/financiamientosostenible\/contacto\/\",\"url\":\"https:\/\/genesisarg.com\/financiamientosostenible\/contacto\/\",\"name\":\"Contacto\"}}]}]}<\/script>\n<!-- \/ Yoast SEO plugin. -->","_links":{"self":[{"href":"https:\/\/genesisarg.com\/financiamientosostenible\/wp-json\/wp\/v2\/pages\/7339"}],"collection":[{"href":"https:\/\/genesisarg.com\/financiamientosostenible\/wp-json\/wp\/v2\/pages"}],"about":[{"href":"https:\/\/genesisarg.com\/financiamientosostenible\/wp-json\/wp\/v2\/types\/page"}],"author":[{"embeddable":true,"href":"https:\/\/genesisarg.com\/financiamientosostenible\/wp-json\/wp\/v2\/users\/1"}],"replies":[{"embeddable":true,"href":"https:\/\/genesisarg.com\/financiamientosostenible\/wp-json\/wp\/v2\/comments?post=7339"}],"version-history":[{"count":13,"href":"https:\/\/genesisarg.com\/financiamientosostenible\/wp-json\/wp\/v2\/pages\/7339\/revisions"}],"predecessor-version":[{"id":7351,"href":"https:\/\/genesisarg.com\/financiamientosostenible\/wp-json\/wp\/v2\/pages\/7339\/revisions\/7351"}],"wp:attachment":[{"href":"https:\/\/genesisarg.com\/financiamientosostenible\/wp-json\/wp\/v2\/media?parent=7339"}],"curies":[{"name":"wp","href":"https:\/\/api.w.org\/{rel}","templated":true}]}}